y) = y - y - 4*y**2 - 5*y**3 + y**3 - 3*y. What are the prime factors of s(p)?
2, 11
Let i = 30 - 20. List the prime factors of 674/i - (-18)/30.
2, 17
Let b be -5 + (3 + 168 - 1). Suppose 5*h - 3*c = b, 8*h - 4*c - 170 = 3*h. What are the prime factors of h?
2, 3, 5
Suppose -4 = -2*w, 6 = 2*v + w - 6. Suppose -6*a + v = -691. List the prime factors of a.
2, 29
Let b be (4 + 5)/(-9)*(-1 - 2). Suppose 5*i = -b*u + 445 + 600, -3*u = -4*i + 836. What are the prime factors of i?
11, 19
Suppose 31 + 255 = w. What are the prime factors of w?
2, 11, 13
Let h(v) = -249*v + 123. List the prime factors of h(-5).
2, 3, 19
Let q = -219 + 269. List the prime factors of q.
2, 5
Let k = 31 - 20. Let i = k - 8. Suppose i*z = 5*z + 3*h - 16, 5*h - 34 = -4*z. What are the prime factors of z?
11
Let x(l) = 3*l**2 + 3*l + 30. List the prime factors of x(12).
2, 3, 83
Let r = -170 + 626. What are the prime factors of r?
2, 3, 19
Suppose y - 85 = s - 2*s, -5*y = -2*s - 460. Let k = -48 + y. List the prime factors of k.
2, 3, 7
Suppose 3*r - 3378 = 7*p - 5*p, -r - 5*p = -1143. List the prime factors of r.
2, 3, 47
Suppose 8*q - 23*q + 225 = 0. Suppose 18*l - q*l - 303 = 0. What are the prime factors of l?
101
Suppose -706 = -2*j + 60. What are the prime factors of j?
383
Let h(m) = -6*m + 6. Let x be h(7). Let i = 199 + x. List the prime factors of i.
163
Suppose 46 = r - 21. Suppose -5*o + o - 8 = 0, 3*o = 2*c - 62. Suppose 3*d = 0, 5*y - 3*d - r = c. What are the prime factors of y?
19
Suppose 2*b + b + 3*o + 30 = 0, 2*b = 3*o - 15. Let w(f) = -11*f + 10. List the prime factors of w(b).
109
Suppose 5*q + 598 - 103 = 0. What are the prime factors of (-3290)/(-16) + q/(-264)?
2, 103
Suppose 0*p = -p + 1, -5*p - 115 = -3*d. Let w = 89 - d. What are the prime factors of w?
7
Let s(v) = v**3 - v**2 - v. Let m be s(2). Suppose -16 = 3*n - 5*h, 5*h - 34 = -m*n - n. What are the prime factors of n + (0 - (-34 - -1))?
2, 3
Let z be (0 + -6)*(-1)/2. Suppose -115 + 19 = -z*g. List the prime factors of g.
2
Suppose -8*w + 3*w + 5*g + 90 = 0, 2*g - 42 = -4*w. Let m(r) = 3*r**2 - 35*r. What are the prime factors of m(w)?
2, 13
Let m(u) = 24*u - 19. Suppose 5*g - 98 + 53 = 0. What are the prime factors of m(g)?
197
Let r = -1734 - -1954. What are the prime factors of r?
2, 5, 11
Let a(z) be the third derivative of z**5/30 + 11*z**4/24 + z**3/2 - 4*z**2. What are the prime factors of a(-7)?
2, 3
Suppose 8*s - 19 = 21. Suppose 5*j + 2*m - 132 = 0, 0 = 3*m - s*m - 8. List the prime factors of j.
2, 7
Let t = 2629 - 1170. What are the prime factors of t?
1459
Suppose -11847 = 230*a - 241*a. List the prime factors of a.
3, 359
Let o(h) = 4*h + 1. Let c be o(-1). Let j = c - -7. List the prime factors of (6/8)/(j/144).
3
Let s(c) = -2*c + 21. Let r be s(9). Suppose -2*o - 2*z + 268 = 0, -o + 2*z = r*o - 542. List the prime factors of o.
3, 5
Suppose -2*l = 25 - 33. List the prime factors of (-7 + l)*64/(-3).
2
Let y be (-3)/(0 + 3/10). Let v(f) = f**2 + 9*f - 8. Let z be v(y). List the prime factors of 4 - z - 3 - -62.
61
List the prime factors of -1*(-1362)/12*(-72)/(-6).
2, 3, 227
Let w(b) = 31*b + 8. Let q be w(4). Suppose -h = -3*c - 4*h + q, 0 = 5*h - 10. Let y = -30 + c. What are the prime factors of y?
2, 3
Suppose -4*l = z - 83, 4*l - 3*z = 5*l - 29. Suppose -4*r - 4*o + 3*o = -88, l = -5*o. Suppose 2*h = -r + 61. List the prime factors of h.
19
Suppose -5188 = -31*l + 56502. List the prime factors of l.
2, 5, 199
Let j = 2 - 2. Suppose -l + j*l + 4 = 0. What are the prime factors of l/18 + (-4334)/(-99)?
2, 11
Suppose 0 = y - 57 - 19. List the prime factors of (y/(-5))/((-2)/5).
2, 19
Suppose 0 = -4*w + 345 + 423. Suppose 5*d = -4*a - w, -4*a + a = -4*d + 144. Let v = -29 - a. List the prime factors of v.
19
Let j be (-3)/((-27)/(-3)) + 7/3. Suppose s + 4*v = 77, 0*v - 4 = -j*v. What are the prime factors of s?
3, 23
Suppose 5*d - 1025 + 328 = g, 3*g + 2163 = -3*d. Let j = -512 - g. What are the prime factors of j?
5, 41
Suppose 5*t = 1590 - 25. Suppose 0 = -7*b + 1080 + t. What are the prime factors of b?
199
Let d(z) = -240*z**3 + 8*z**2 + 19*z + 5. What are the prime factors of d(-2)?
19, 101
Suppose -3*x = -6 - 3. Let i = x - -30. Suppose 5*z = 3*f - i, 0 = -3*f + 2*z - 6*z + 33. What are the prime factors of f?
11
What are the prime factors of ((-67)/(-2))/(-16 - 1249/(-78))?
3, 13, 67
Suppose -5*n = 5*s + 10, 2*s = -2*s + 2*n + 16. Suppose 5*l + 218 = s*q + 2*q, 2*q - 112 = l. What are the prime factors of q?
3, 19
Let a = -6 + 8. Suppose -3*z = -7*z + 4. Let p = a + z. List the prime factors of p.
3
Let i = 14781 + -9097. List the prime factors of i.
2, 7, 29
Suppose -70 = -8*v + 890. Suppose o = 5*o - v. What are the prime factors of o?
2, 3, 5
Let o = -133 - -135. Suppose -2*s = -d + 360, -4*d - o*s + 1390 = -0*s. List the prime factors of d.
2, 5, 7
List the prime factors of (-1)/(-3 + (-700)/(-234)).
3, 13
Let n(q) = -q**3 - 2*q**2 - q + 2. Let k = 12 - 14. Let t be (3/k)/(1/2). List the prime factors of n(t).
2, 7
Let i = -46 + 19. Let o = i - -31. List the prime factors of o + 150/(-9)*-3.
2, 3
Let n = 1183 - 765. List the prime factors of n.
2, 11, 19
Suppose 3*l + 38 = -43. What are the prime factors of -5*10/25*l?
2, 3
Let c = 39 - 34. Let l(v) = 7*v + 7. List the prime factors of l(c).
2, 3, 7
What are the prime factors of 258588/342 + (-4)/38?
2, 3, 7
Suppose 12 + 3 = 5*m. Suppose 3*i = 3*z - 78, 0 = -m*z - 2*i + 62 + 6. List the prime factors of z + 1 + 14 + -13.
2, 13
Let l = 8209 - 4811. What are the prime factors of l?
2, 1699
What are the prime factors of (-6)/2 + -31 + 2226?
2, 137
Let m be (-3)/12 + 5/4. Suppose -m + 16 = 5*z. Suppose -z*b - 7 + 58 = 0. List the prime factors of b.
17
Suppose -4*m - r + 2741 = -m, -910 = -m - 4*r. What are the prime factors of m?
2, 457
Suppose -t = -1960 + 798. What are the prime factors of t?
2, 7, 83
Suppose 3 = -3*h, 2*b + h = -0*h - 3. Let j be (b + -4 - -4)*-3. Suppose j*d - 67 = q, 0*q + 2*q + 111 = 5*d. What are the prime factors of d?
23
Let u = 0 + 2. Suppose -31 = 3*q + 2*g + 3*g, -q + u*g = 25. Let h = q - -46. What are the prime factors of h?
29
Let c(t) = t + 2. Let u be c(2). Suppose -25 = -u*z + 3. Suppose 8*l - z*l - 48 = 0. What are the prime factors of l?
2, 3
Let n = 2702 + -810. List the prime factors of n.
2, 11, 43
Suppose -15*t + 2064 = -1926. What are the prime factors of t?
2, 7, 19
Suppose -2 = -2*v + 10. Suppose 255 = v*i - 3*i. Let u = i + -58. What are the prime factors of u?
3
Let k(x) = -x**2 - x + 1. Let l(y) = 3*y**2 - 2*y + 1. Let o(d) = -4*k(d) - l(d). What are the prime factors of o(-8)?
11
Let f(o) = 671*o**3 - 2*o**2 - o + 1. Let w be f(1). Suppose h - 240 = 2*a + 2*a, 5*a - w = -3*h. What are the prime factors of h?
2, 3, 19
Let x(m) = 8*m**2 - m + 3. Suppose 5*o = -5*j + 10, 8 = 3*o + 2*o + 4*j. Suppose o = -w - 5*w - 12. What are the prime factors of x(w)?
37
Suppose -113*z - 1146 = -119*z. What are the prime factors of z?
191
Suppose 58*l - 3620 = 38*l. What are the prime factors of l?
181
Suppose 4*x + 420 = 4*v, 4*v - 5*x = 270 + 152. Let y = -43 + v. Suppose z - 3*z + y = 0. List the prime factors of z.
2, 3, 5
Let s(x) = 5*x**2 - 8*x + 26. What are the prime factors of s(-15)?
31, 41
Suppose -2*u + 5*m = -3*u + 22, -4*m + 16 = 0. Let p = u + 11. What are the prime factors of p?
13
Suppose 0 = -6*n + n - 145. Let a = n - -11. What are the prime factors of 87/(-2)*12/a?
29
Let b(r) = r**3 - 3*r**2 + r + 6. Let z be b(6). Suppose -3*c = -c - z. List the prime factors of c.
2, 3, 5
Let p(u) be the first derivative of -u**4/4 + u**3 + 2*u - 1. Let z be p(3). Suppose 5*c = -l + 210, -3*c = c + z*l - 162. List the prime factors of c.
43
Suppose 5*i - 16832 = -4*b, b - 2*i = -639 + 4860. What are the prime factors of b?
11, 383
Let t be (0/(-3))/(-10 + 11). Suppose 6*f - 7*f - 2 = t, -2*n + 4*f + 412 = 0. List the prime factors of n.
2, 101
Let b(o) be the third derivative of o**5/60 - 11*o**4/12 - o**3/6 + 19*o**2. List the prime factors of b(25).
2, 37
Let d = -32 - -36. Suppose -5*v = d*b - 318, b + 3*v - 81 = v. List the prime factors of b.
7, 11
Let q(h) be the second derivative of -h**5/20 - h**4/3 - h**3/2 + 3*h**2/2 - 9*h. List the prime factors of q(-5).
43
Suppose 